- -484. Let f be 2*(-8)/(-28)*x. What is r(f)?
7
Let a(y) = -24*y**2 - 1242*y + 322. Let m be a(-52). Let d = 11 - 4. Let f(h) = -5*h + 5*h - d + h. Determine f(m).
3
Let b(p) be the first derivative of -p**5/40 + 3*p**4/8 + p**3/3 + 18*p - 88. Let j(u) be the third derivative of b(u). Calculate j(7).
-12
Let y(f) be the second derivative of 35*f**3/6 - 205*f**2/2 + 3339*f. Determine y(6).
5
Suppose -2*i + 0*i - 4 = f, -4*i = 8. Suppose q - 3*o = 0, f = -q + 3*q - 4*o. Let d(l) = 8*l + q*l**2 - 9*l + l**2 + 7*l**3. What is d(1)?
7
Suppose -16*o + 64 = -48. Suppose -8*p + o*p - 3 = -4*b, 0 = 2*b + 6. Let n(w) = w**2 + 17*w + 30. Give n(p).
0
Let o(s) = 11*s**3 + 8*s**2 + 48*s - 56. Let w be o(1). Let z(j) be the third derivative of j**5/60 - 11*j**4/24 + j**3 - j**2. Calculate z(w).
6
Let g(j) be the second derivative of j**4/6 - 8*j**2 - 11*j + 4. Determine g(7).
82
Let t be 6/3 - (21 - 24). Let c(m) = -9*m + 3. Give c(t).
-42
Let h(l) = 10*l - 2. Let c be ((-12)/(-24))/(2/44*1). Suppose 0 = -19*d - c - 27. Calculate h(d).
-22
Let v(x) = -2*x - 8. Let u(q) = q - 2. Let m(z) = -6*u(z) - v(z). Give m(6).
-4
Let h be (((-18)/24)/(-3))/(8 - (-132)/(-16)). Let l(g) = -69*g - 4. What is l(h)?
65
Let u(r) = 6*r + 26. Let m be u(-3). Let g(c) = -c**2 + 14*c - 49. What is g(m)?
-1
Suppose -34 = 10*h - 54. Let s(t) = -1 + 4*t - 16*t**2 + 69*t**h - 6*t. Determine s(-1).
54
Let t be -11 + (15 - (17 - 14)). Let d(n) = 12*n**3 + 3*n**2 - 2*n. What is d(t)?
13
Let i be 7 - (-225)/(-36) - 794/(-8). Let t = i - 97. Let x(f) = 9*f**2 - 10*f - 2*f**2 + f**t - 45 + 48. Calculate x(-8).
19
Let r(p) = p**3 - p**2 - p + 5. Let i be r(0). Let z = -549 + 553. Let d(w) = -w**3 + 4*w**2 - 4 + w**2 - z*w**2 + 2*w**2 - 3*w + 2*w**2. Determine d(i).
-19
Suppose -10*b + 8*b + k = -22, -4*k = -b + 11. Suppose -b*u = -8*u. Let j(r) = -r**2 + r + 15. What is j(u)?
15
Let z be (340/60 - -4) + 24/(-9). Let u(v) = -3*v + 36. Give u(z).
15
Let a be 25/(-2)*(1 + 1). Let z = 26 + a. Let c be (4 + -1)*1 - z. Let l(y) = -2*y**2 + 2*y - 3. What is l(c)?
-7
Suppose -64 = -6*q + 3*q - 4*g, -115 = -5*q - 5*g. Let t(f) = 30*f + 4 - 116*f**2 + 115*f**2 - q*f. Determine t(-4).
-20
Let v(r) = -9*r**3 - 17*r**2 - 42*r + 15. Let z(n) = 16*n**3 + 36*n**2 + 85*n - 29. Let w(p) = 7*v(p) + 4*z(p). Determine w(-23).
-11
Let l(d) be the third derivative of d**5/60 + d**4/2 + 13*d**3/6 + 2*d**2 - d + 143. Suppose -2*x = q + 18, -3*x - 4*q = -2*x - 5. What is l(x)?
2
Suppose -3*g = -5*f + 10, -3 - 2 = 4*f - 5*g. Let t(d) = -25 - 6*d - 20 + 50 + 2*d**2. Give t(f).
25
Let g(n) be the first derivative of 1/3*n**3 - 1/6*n**4 - 3/2*n**2 - 5*n - 22. Let o(d) be the first derivative of g(d). Determine o(2).
-7
Let a be (-3)/5 + 231/385. Suppose -5*j + 15 = 4*o + 25, a = 3*j + 6. Let s(p) = -p**2 + p + 8. Give s(o).
8
Let l(n) = n**3 + 35*n**2 + n + 41. Let c be l(-35). Let m(a) be the second derivative of -a**3/6 + 7*a**2/2 + a + 72. What is m(c)?
1
Let z = 7614 + 4898. Let w be 4/74 - z/(-1258). Let v(t) = t**3 - 11*t**2 + 12*t - 5. Give v(w).
15
Let h(b) = -3*b**2 - b. Let w be h(-2). Let c(r) = -2*r**2 - 15*r + 80. Let m be c(-11). Let v(x) = -519 + x**3 - 2*x**m - 514 + 1043 - 10*x**2. What is v(w)?
10
Let l(m) = 20412 - 10207 - m**2 + 7*m - 10203. Let r be (-190)/(-25) - (-3)/(-5). What is l(r)?
2
Let y(t) = -96*t + 131. Let v(c) = 72*c - 133. Let o(s) = 3*v(s) + 2*y(s). What is o(6)?
7
Let t(g) be the third derivative of 31*g**4/24 + 7*g**3/3 - 2*g**2 - 6*g + 105. Calculate t(-4).
-110
Let n(b) = -49*b + 197. Let d = -30715 + 30719. Give n(d).
1
Let o(g) = -5*g**3 - g**2 - 17*g - 16. Suppose -6*c + 2*c = 17*c + 21. What is o(c)?
5
Let f(a) = 27 - 62*a - 3 + 121*a - 56*a. Let n be f(-10). Let c(z) = -z**3 - 6*z**2 - z - 8. What is c(n)?
-2
Let b(l) = l**2 - 4*l + 3. Let p = -44 + 82. Suppose -p*y + 33 = -27*y. Calculate b(y).
0
Let g(y) = 9*y**3 + 37*y**2 - 7*y - 11. Let d(q) = 7*q**3 + 28*q**2 - 7*q - 9. Let o(j) = 4*d(j) - 3*g(j). Give o(-3).
0
Let r(t) = -t**2 - 9*t + 4. Let z be r(-9). Let f be 12/z + 0/1. Suppose -2*i - f = 5*s - 28, -21 = -3*i - 2*s. Let g(h) = h - 11. Calculate g(i).
-6
Let g(z) = -z**3 - 4*z**2 + z - 1. Let t = 56 - 53. Suppose -3*d + 3*l + 19 = 2*d, t*d - l - 9 = 0. Let p be (-6 - -2) + (2 - d). Calculate g(p).
-5
Let r(x) be the second derivative of 5*x**3/6 + 65*x**2/2 - 47*x - 12. Determine r(-17).
-20
Let c(a) = 84*a. Let b be c(-1). Let u = 83 + b. Let d(o) = -5*o**2 - 10*o - 4. Let x(f) = -f**2 - f - 1. Let m(t) = u*d(t) + 6*x(t). Calculate m(4).
-2
Let g(a) = a**3 - 7*a**2 + 19*a - 84. Let i be g(6). Suppose -7 - 8 = -5*b. Let h(q) = -b - 2*q + 3*q + 0*q - 2*q. What is h(i)?
3
Let s(k) = -2*k**2 - 72*k + 602. Let a be s(-43). Let l(o) = -o - 4 - 4 - 3. Determine l(a).
-11
Let v(n) be the third derivative of -n**4/12 - 11*n**3/6 + 3*n**2. Suppose 2 = o - 2*j, -57*j - 26 = o - 52*j. What is v(o)?
1
Let o(w) = 2*w + 10. Let c be o(0). Let n(r) be the first derivative of -r**3/3 + 9*r**2/2 + 2*r - 231. Calculate n(c).
-8
Let w(r) be the second derivative of -r**4/12 + 5*r**2/2 - 2*r. Let p(k) = 7*k**2 - 1. Let s be p(-1). Suppose s*h - h - 4*h = 0. Give w(h).
5
Suppose 5*j - 6 = 5*w + 44, -w = j - 12. Let o(v) = 19 + 185503*v - 92751*v - 92754*v. Determine o(j).
-3
Let v(b) be the first derivative of b**6/120 + b**5/30 - b**4/8 + 199*b**2/2 + 152. Let m(d) be the second derivative of v(d). Give m(3).
36
Let b be -11*(-2)/(-40) - 30/(-50). Let z(x) be the second derivative of 0 - 5/12*x**4 + 1/2*x**2 + 13*x - b*x**5 - 1/3*x**3. Determine z(-4).
-7
Let a = 6 + -8. Let i(m) = 13*m**3 + 11*m**2 - 1. Let k(w) = 42*w**3 + 35*w**2 - w - 4. Let p(q) = -13*i(q) + 4*k(q). Calculate p(a).
1
Let m = -63 - -73. Suppose 13*p = -m*p + 5*p. Let h(y) = y + 9. Give h(p).
9
Let y(v) be the third derivative of v**7/504 + 23*v**5/15 + 2*v**2 + 40*v. Let o(m) be the third derivative of y(m). What is o(-1)?
-10
Let c = -3849 - -3854. Let b(n) = 5*n - 16. What is b(c)?
9
Let z(d) = 3*d**2 - 37*d + 19. Let y be 268/22 + -15*(-30)/(-2475). Determine z(y).
7
Let y be (-1 + -1)/(18/5067). Let k = y - -569. Let q(x) = x - 2. What is q(k)?
4
Let l(x) = -3*x**2 + 67*x - 121. Let d(k) = -k**2 + 23*k - 39. Let y(m) = -11*d(m) + 4*l(m). Give y(10).
-5
Let t(y) = -2 - 3*y**2 + 10 - 542*y + 535*y. Determine t(4).
-68
Let r be (4 + -4)*(-29)/(-290). Let l(g) be the first derivative of -g**2/2 - 2*g - 1. Determine l(r).
-2
Let t(m) = m**2 - 14*m - 20. Let d = -19300 - -19307. Determine t(d).
-69
Let p = -48139 - -48134. Let w(o) = -2*o**3 + 9*o**2 + 4*o + 3. Let i(a) = 5*a**3 - 19*a**2 - 8*a - 5. Let u(d) = -3*i(d) - 7*w(d). Calculate u(p).
-11
Let d(w) = -26*w - 23. Let h = -474 - -468. Let i(y) = 14*y + 12. Let x(t) = h*d(t) - 11*i(t). What is x(-5)?
-4
Let l(p) = p**3 + 6*p**2 + 2*p - 5. Suppose 2*u = -3*x - 33, 0 = -4*x - 5 - 7. Let g be (-1)/6*-26 - (-4)/u. Let t be (3 - g)*(-1 - -6). Give l(t).
10
Let f(i) = -7*i + 4. Suppose -34*b + 20*b - 224 = 0. What is f(b)?
116
Let v(z) = z**3 - 19*z**2 + 24*z + 164. Let b be v(17). Let d(w) = w**2 + 8*w + 12. Determine d(b).
0
Let z(y) be the third derivative of -y**6/120 + 2*y**5/15 - 5*y**4/12 + y**3 - 111*y**2 - 2. Determine z(6).
18
Let q be (-992)/160 + (58/40 - (-1)/(-4)). Let f(o) = -o**3 - 4*o**2 + 10*o - 4. Determine f(q).
-29
Let n(y) = -6*y**2 + 30*y + 14. Let c be n(6). Let h be 16/(-88) - 202/c. Let t(f) = -f**3 + 10*f**2 - 8*f - 6. Determine t(h).
3
Let g(d) = -5*d**2 + d - 6. Let h(o) = -9*o**2 + o - 11. Let l(j) = 7*g(j) - 4*h(j). Let y be ((-140)/21 - 0)/((-6)/9). Suppose -7*t - 18 = y. Determine l(t).
6
Let a be 896/256*(1 + 1). Let z(x) = 0*x**3 + 1 + 5*x**2 + 0*x**3 + 3*x**2 - 8*x - x**3. Give z(a).
-6
Let y(v) = -v**2 + 12*v + 26. Let w = 67 + -53. Let c be y(w). Let d(k) = 2 - 3 + k + 2 + 0. What is d(c)?
-1
Let b(s) be the third derivative of s**4/8 - 2*s**3/3 + 34*s**2. Let t = 234 - 232. What is b(t)?
2
Let k(n) be the third derivative of -17*n**4/12 - 202*n**3/3 - 2*n**2 - 4*n - 11. Determine k(-12).
4
Let h(f) = 2*f**2 - 2*f + 5*f + f**2 + f. Suppose 18 + 14 = 2*a. Let k = -19 + a. Calculate h(k).
15
Let q(d) = 8 + 792*d**2 - 9 + 797*d**2 - 1588*d**2 + 16*d + 11. Let c be q(-15). Let g(v) = v + 2. What is g(c)?
-3
Suppose -3*u = 4*x - 